hat is -9 - 438?
-445
In base 5, what is 1132 + 1414?
3101
In base 9, what is 217 + -5?
212
In base 15, what is c37 - 5?
c32
In base 14, what is -4 - -8b?
87
In base 3, what is -11 - -2002?
1221
In base 3, what is -12021 + -1010?
-20101
In base 3, what is 10 - 212001?
-211221
In base 2, what is -1111011 - -11001101?
1010010
In base 4, what is 1 + 2123?
2130
In base 6, what is -31 + 535?
504
In base 12, what is -252 - 22?
-274
In base 2, what is 1 - 11110?
-11101
In base 10, what is 1373 + -1?
1372
In base 14, what is 11d0 + 3?
11d3
In base 2, what is -10010111 + -1?
-10011000
In base 15, what is 18 + -7?
11
In base 2, what is 110011 + 11000?
1001011
In base 12, what is 4 - -361?
365
In base 4, what is 120 - 101?
13
In base 6, what is -5 - 114?
-123
In base 3, what is -12 - -120?
101
In base 6, what is -2521 + -21?
-2542
In base 2, what is -11 + 10111?
10100
In base 4, what is -10011 - -12?
-3333
In base 7, what is 100514 + -3?
100511
In base 8, what is 36 + -2?
34
In base 9, what is -5 - -203?
187
In base 14, what is -2 - -6db?
6d9
In base 12, what is 3a - -7?
45
In base 14, what is -5c9 - -2?
-5c7
In base 11, what is 2 + -394?
-392
In base 15, what is 208 - -7?
210
In base 5, what is 411 - -3?
414
In base 8, what is 3 - 152?
-147
In base 13, what is 4 - -28b7?
28bb
In base 10, what is -63 + 1?
-62
In base 4, what is 2 - 1222?
-1220
In base 6, what is -503 + 25?
-434
In base 13, what is -1 - 8b?
-8c
In base 4, what is 302 - 233?
3
In base 13, what is -7 - 4?
-b
In base 13, what is 1a - -12?
2c
In base 8, what is 235 - 2?
233
In base 6, what is -4502 + -15?
-4521
In base 5, what is 12 + -1431?
-1414
In base 8, what is -16401 + -1?
-16402
In base 10, what is 849 + 0?
849
In base 2, what is 10101100 + -11?
10101001
In base 11, what is 2 + -1917?
-1915
In base 10, what is 121 - 60?
61
In base 7, what is -2 - 130?
-132
In base 11, what is -1383 - 2?
-1385
In base 5, what is -1102 - -340?
-212
In base 9, what is -173 + -64?
-247
In base 4, what is 1312 - -1?
1313
In base 14, what is -1486 - -3?
-1483
In base 15, what is -5 - -11?
b
In base 9, what is 543 - -7?
551
In base 5, what is -12 + -12?
-24
In base 9, what is 11 - -110?
121
In base 10, what is 5 - 1361?
-1356
In base 14, what is -3 + 527?
524
In base 6, what is -512 + -2?
-514
In base 16, what is -1 - -736?
735
In base 13, what is 63b + 0?
63b
In base 9, what is -2 + 448?
446
In base 11, what is -2592 + -5?
-2597
In base 14, what is 8 - -3?
b
In base 2, what is 111110011 - 10?
111110001
In base 4, what is -11311 - 1?
-11312
In base 9, what is 34 - 404?
-360
In base 7, what is -20624 - 1?
-20625
In base 9, what is -705 - 18?
-724
In base 5, what is -20422 - 10?
-20432
In base 15, what is -d - -13?
5
In base 7, what is -26 + 256?
230
In base 3, what is -10212011 - 0?
-10212011
In base 6, what is 131 - 102?
25
In base 7, what is 140 - 0?
140
In base 7, what is -1 - -46?
45
In base 6, what is -1 + -1355?
-1400
In base 4, what is -12132031 + -3?
-12132100
In base 13, what is -1 - 5b?
-5c
In base 9, what is 3 - -117?
121
In base 5, what is -212 + 112?
-100
In base 9, what is 241 - -13?
254
In base 3, what is 2002 + 1111?
10120
In base 3, what is 1 - 12212111?
-12212110
In base 2, what is -1110 + 1010?
-100
In base 15, what is 4c - -b?
58
In base 12, what is -150 - -2?
-14a
In base 13, what is -a - 4b?
-58
In base 6, what is -2 + -15404?
-15410
In base 3, what is 10 + 1010?
1020
In base 9, what is 2 - 263?
-261
In base 15, what is 2 - 4e4?
-4e2
In base 15, what is -6 + 46c?
466
In base 3, what is -21 - -11200?
11102
In base 10, what is 30 - -14?
44
In base 12, what is 53 - -7?
5a
In base 16, what is 128c - -3?
128f
In base 13, what is -ba - a4?
-191
In base 15, what is -c3 + -5?
-c8
In base 4, what is -10131 - -11?
-10120
In base 4, what is 3323 - 1?
3322
In base 14, what is -3 + -3?
-6
In base 5, what is 10421 + -3?
10413
In base 10, what is 4 + 97?
101
In base 16, what is -4 + -bc?
-c0
In base 9, what is 15 - -162?
177
In base 12, what is -5 - 1241?
-1246
In base 2, what is 101001 - -111?
110000
In base 7, what is 3 + -21330?
-21324
In base 11, what is -4 + 112?
109
In base 11, what is 1 - -30?
31
In base 3, what is 1111012 - 12?
1111000
In base 4, what is 11 + -1122?
-1111
In base 9, what is -135 + 8?
-126
In base 16, what is -c3d - 0?
-c3d
In base 2, what is -111 + 1000010011?
1000001100
In base 5, what is 1 + 110?
111
In base 9, what is 2486 + -2?
2484
In base 2, what is -1000 - 101010?
-110010
In base 13, what is -31a - 5?
-322
In base 7, what is 6 - 160?
-151
In base 16, what is 2 - 6b?
-69
In base 3, what is 111 - 12?
22
In base 6, what is -105305 + 3?
-105302
In base 13, what is -168 - 2?
-16a
In base 6, what is -12 + 24?
12
In base 12, what is -6 - -57?
51
In base 16, what is 5 - f?
-a
In base 12, what is 40 + -3a?
2
In base 4, what is 12033 + 23?
12122
In base 12, what is 15a + -5?
155
In base 13, what is 28 - 1?
27
In base 3, what is 222120012 + 0?
222120012
In base 12, what is -152 + 20?
-132
In base 3, what is 20202 - -201?
21110
In base 3, what is -12 - 20?
-102
In base 4, what is -1 + 21122?
21121
In base 12, what is 4 + 74?
78
In base 15, what is 201 - -1?
202
In base 4, what is 2233010 - -2?
2233012
In base 4, what is 12 - -201?
213
In base 8, what is 63 - 3?
60
In base 16, what is 5 - 6b?
-66
In base 15, what is -6 - -5?
-1
In base 6, what is 1 + -42545?
-42544
In base 2, what is -10011011 + -11?
-10011110
In base 14, what is -cb9 + 2?
-cb7
In base 14, what is -25 - -3?
-22
In base 12, what is 4 - -13?
17
In base 16, what is -5 - 90f?
-914
In base 15, what is 1525 + -4?
1521
In base 16, what is -2fa - -5?
-2f5
In base 4, what is 0 + -120010?
-120010
In base 13, what is -39 - -8a?
51
In base 12, what is -5 + 34?
2b
In base 15, what is 8 - -c?
15
In base 6, what is 5 - 120?
-111
In base 2, what is -101 + 100010001?
100001100
In base 4, what is -123030 - -3?
-123021
In base 14, what is 308 - 1?
307
In base 5, what is -3 - 40320?
-40323
In base 8, what is -10773 + 0?
-10773
In base 15, what is 1 + -204?
-203
In base 8, what is 6 + -353?
-345
In base 11, what is -3 + -27?
-2a
In base 9, what is -8 + -562?
-571
In base 10, what is -2 - -38?
36
In base 2, what is -11 + 10101?
10010
In base 12, what is -a80 - -5?
-a77
In base 6, what is -5 - -13234?
13225
In base 8, what is -25 + 140?
113
In base 11, what is -988 + 2?
-986
In base 5, what is -43340 + -3?
-43343
In base 15, what is 6 - a?
-4
In base 8, what is -141 + 6?
-133
In base 9, what is 33 + -4?
28
In base 16, what is -9 + -1?
-a
In base 5, what is -3442 + -3?
-4000
In base 15, what is 14 - -5b?
70
In base 2, what is -1000000001100 - 11?
-1000000001111
In base 12, what is -160a + 2?
-1608
In base 12, what is -1 - -16?
15
In base 16, what is -b3 - 3?
-b6
In base 5, what is 2 + 204?
211
In base 8, what is -500 + -1?
-501
In base 12, what is -4952 + -1?
-4953
In base 16, what is 4 - 110?
-10c
In base 6, what is 25 + 104?
133
In base 10, what is -8 - -1080?
1072
In base 4, what is 2 - 30?
-22
In base 7, what is -45414 + -3?
-45420
In base 2, what is 10110 - 1100?
1010
In base 13, what is -38 + 5?
-33
In base 12, what is 220 + -2?
21a
In base 16, what is b3 + 5?
b8
In base 10, what is 3344 - 4?
3340
In base 5, what is -23211 + 0?
-23211
In base 7, what is 45 + -40?
5
In base 13, what is 5 + 1923?
1928
In base 5, what is -441 - -2?
-434
In base 11, what is 4 + 1080?
1084
In base 4, what is 22 - -222?
310
In base 2, what is -11101110 + -1?
-11101111
In base 16, what is 3 + -2d9?
-2d6
In base 16, what is 11c - -5?
121
In base 14, what is -10 - 52?
-62
In base 14, what is 4 + -14?
-10
In base 2, what is 100 + 10100100?
10101000
In base 16, what is 76 + c8?
13e
In base 14, what is -6 - 151?
-157
In base 9, what is 4 - 1415?
-1411
In base 14, what is 23 + 2d5?
318
In base 14, what is -37 + 2?
-35
In base 4, what is 2213 + 1310?
10123
In base 2, what is 111110 + 1100110?
10100100
In base 3, what is 12 + 22012?
22101
In base 8, what is -2 + -71?
-73
In base 5, what is -3 - -142?
134
In base 7, what is 10605 - -1?
10606
In base 10, what is -1 + -36?
-37
In base 6, what is -2 - 10?
-12
In base 6, what is 12 + 2?
14
In base 16, what is -2 + -76?
-78
In base 10, what is -75 - 15?
-90
In base 15, what is -5 + 7a?
75
In base 12, what is -3 + -2a?